{"id":6291,"date":"2026-02-26T12:17:39","date_gmt":"2026-02-26T17:17:39","guid":{"rendered":"https:\/\/fosfeminista.org\/?post_type=person&#038;p=6291"},"modified":"2026-02-26T12:17:39","modified_gmt":"2026-02-26T17:17:39","slug":"rebecca-fries","status":"publish","type":"person","link":"https:\/\/fosfeminista.org\/pt\/people\/rebecca-fries\/","title":{"rendered":"Rebecca Fries"},"template":"","class_list":["post-6291","person","type-person","status-publish","has-post-thumbnail","hentry","person_type-board-of-directors"],"acf":{"details":{"first_name":"","last_name":"","title":"Diretor","pronouns":"she\/her\/hers","location":"Canada","person_type":[5],"headshot":6308,"helper_social_links":null},"page_layout":[{"acf_fc_layout":"layout_hero_person","_acfe_flexible_toggle":null,"component_hero_person":{"":null,"image_background_color":"a3","anchor_id":""}},{"acf_fc_layout":"layout_wysiwyg","_acfe_flexible_toggle":null,"component_wysiwyg":{"content":"<p data-ccp-border-bottom=\"0px none #e5e7eb\" data-ccp-padding-bottom=\"0px\" data-ccp-border-between=\"0px none #e5e7eb\" data-ccp-padding-between=\"0px\"><span data-contrast=\"auto\">Como CEO e cofundadora da Value for Women, Rebecca liderou o crescimento da organiza\u00e7\u00e3o, transformando-a em uma l\u00edder mundialmente reconhecida na pr\u00e1tica de neg\u00f3cios com inclus\u00e3o de g\u00eanero. Com mais de 20 anos de experi\u00eancia global, Rebecca lidera a Value for Women em seus esfor\u00e7os para criar produtos e m\u00e9todos inovadores de inclus\u00e3o de g\u00eanero, trabalhando lado a lado com investidores, pequenas e m\u00e9dias empresas, bancos, institui\u00e7\u00f5es financeiras, organiza\u00e7\u00f5es de desenvolvimento e funda\u00e7\u00f5es corporativas.<\/span><span data-ccp-props=\"{&quot;335551550&quot;:6,&quot;335551620&quot;:6,&quot;335557856&quot;:16777215,&quot;335559739&quot;:240,&quot;335572071&quot;:0,&quot;335572072&quot;:0,&quot;335572073&quot;:15460325,&quot;335572075&quot;:0,&quot;335572076&quot;:0,&quot;335572077&quot;:15460325,&quot;335572079&quot;:0,&quot;335572080&quot;:0,&quot;335572081&quot;:15460325,&quot;335572083&quot;:0,&quot;335572084&quot;:0,&quot;335572085&quot;:15460325,&quot;335572087&quot;:0,&quot;335572088&quot;:0,&quot;335572089&quot;:15460325,&quot;469789798&quot;:&quot;none&quot;,&quot;469789802&quot;:&quot;none&quot;,&quot;469789806&quot;:&quot;none&quot;,&quot;469789810&quot;:&quot;none&quot;,&quot;469789814&quot;:&quot;none&quot;}\">\u00a0<\/span><\/p>\r\n<p data-ccp-border-bottom=\"0px none #e5e7eb\" data-ccp-padding-bottom=\"0px\" data-ccp-border-between=\"0px none #e5e7eb\" data-ccp-padding-between=\"0px\"><span data-contrast=\"auto\">Anteriormente, como consultora de g\u00eanero e gerente de programas da Oxfam Gr\u00e3-Bretanha, Rebeca liderou programas que promoviam os direitos das mulheres e a lideran\u00e7a econ\u00f4mica em toda a Am\u00e9rica Latina, incluindo a coautoria da Estrutura de Lideran\u00e7a Econ\u00f4mica das Mulheres da Oxfam e a realiza\u00e7\u00e3o de pesquisas sobre justi\u00e7a de g\u00eanero e preven\u00e7\u00e3o da viol\u00eancia. Ela tamb\u00e9m tem grande experi\u00eancia em trabalhar diretamente com abrigos para mulheres, coletivos de defesa e organiza\u00e7\u00f5es de direitos reprodutivos no Canad\u00e1.<\/span><span data-ccp-props=\"{&quot;335551550&quot;:6,&quot;335551620&quot;:6,&quot;335557856&quot;:16777215,&quot;335559739&quot;:240,&quot;335572071&quot;:0,&quot;335572072&quot;:0,&quot;335572073&quot;:15460325,&quot;335572075&quot;:0,&quot;335572076&quot;:0,&quot;335572077&quot;:15460325,&quot;335572079&quot;:0,&quot;335572080&quot;:0,&quot;335572081&quot;:15460325,&quot;335572083&quot;:0,&quot;335572084&quot;:0,&quot;335572085&quot;:15460325,&quot;335572087&quot;:0,&quot;335572088&quot;:0,&quot;335572089&quot;:15460325,&quot;469789798&quot;:&quot;none&quot;,&quot;469789802&quot;:&quot;none&quot;,&quot;469789806&quot;:&quot;none&quot;,&quot;469789810&quot;:&quot;none&quot;,&quot;469789814&quot;:&quot;none&quot;}\">\u00a0<\/span><\/p>\r\n<p data-ccp-border-bottom=\"0px none #e5e7eb\" data-ccp-padding-bottom=\"0px\" data-ccp-border-between=\"0px none #e5e7eb\" data-ccp-padding-between=\"0px\"><span data-contrast=\"auto\">Rebecca tamb\u00e9m \u00e9 autora e l\u00edder de pesquisas que mudaram o setor sobre a interse\u00e7\u00e3o de g\u00eanero, investimento, empreendedorismo e desenvolvimento econ\u00f4mico em setores como energia sustent\u00e1vel, finan\u00e7as, agricultura e empreendedorismo. Rebecca \u00e9 frequentemente convidada a falar como especialista do setor na \u00c1sia, na \u00c1frica e nas Am\u00e9ricas.<\/span><span data-ccp-props=\"{&quot;335551550&quot;:6,&quot;335551620&quot;:6,&quot;335557856&quot;:16777215,&quot;335559739&quot;:240,&quot;335572071&quot;:0,&quot;335572072&quot;:0,&quot;335572073&quot;:15460325,&quot;335572075&quot;:0,&quot;335572076&quot;:0,&quot;335572077&quot;:15460325,&quot;335572079&quot;:0,&quot;335572080&quot;:0,&quot;335572081&quot;:15460325,&quot;335572083&quot;:0,&quot;335572084&quot;:0,&quot;335572085&quot;:15460325,&quot;335572087&quot;:0,&quot;335572088&quot;:0,&quot;335572089&quot;:15460325,&quot;469789798&quot;:&quot;none&quot;,&quot;469789802&quot;:&quot;none&quot;,&quot;469789806&quot;:&quot;none&quot;,&quot;469789810&quot;:&quot;none&quot;,&quot;469789814&quot;:&quot;none&quot;}\">\u00a0<\/span><\/p>\r\n<p data-ccp-border-bottom=\"0px none #e5e7eb\" data-ccp-padding-bottom=\"0px\" data-ccp-border-between=\"0px none #e5e7eb\" data-ccp-padding-between=\"0px\"><span data-contrast=\"auto\">Rebecca tem colaborado com o F\u00f2s Feminista como membro do comit\u00ea de Mobiliza\u00e7\u00e3o de Recursos (2020-2025) e do comit\u00ea de Finan\u00e7as e Investimentos, incluindo o subcomit\u00ea do Fundo de Impacto Feminista (desde 2023). Ela foi eleita para o Conselho de Administra\u00e7\u00e3o do F\u00f2s Feminista em dezembro de 2025 e nomeada copresidente do Comit\u00ea de Auditoria e Intelig\u00eancia de Risco.<\/span><span data-ccp-props=\"{&quot;335557856&quot;:16777215,&quot;335572071&quot;:0,&quot;335572072&quot;:0,&quot;335572073&quot;:15460325,&quot;335572075&quot;:0,&quot;335572076&quot;:0,&quot;335572077&quot;:15460325,&quot;335572079&quot;:0,&quot;335572080&quot;:0,&quot;335572081&quot;:15460325,&quot;335572083&quot;:0,&quot;335572084&quot;:0,&quot;335572085&quot;:15460325,&quot;335572087&quot;:0,&quot;335572088&quot;:0,&quot;335572089&quot;:15460325,&quot;469789798&quot;:&quot;none&quot;,&quot;469789802&quot;:&quot;none&quot;,&quot;469789806&quot;:&quot;none&quot;,&quot;469789810&quot;:&quot;none&quot;,&quot;469789814&quot;:&quot;none&quot;}\">\u00a0<\/span><\/p>","":null,"anchor_id":""}}]},"yoast_head":"<!-- This site is optimized with the Yoast SEO plugin v27.3 - https:\/\/yoast.com\/product\/yoast-seo-wordpress\/ -->\n<title>Rebecca Fries - F\u00f2s Feminista<\/title>\n<meta name=\"robots\" content=\"index, follow, max-snippet:-1, max-image-preview:large, max-video-preview:-1\" \/>\n<link rel=\"canonical\" href=\"https:\/\/fosfeminista.org\/pt\/people\/rebecca-fries\/\" \/>\n<meta property=\"og:locale\" content=\"pt_BR\" \/>\n<meta property=\"og:type\" content=\"article\" \/>\n<meta property=\"og:title\" content=\"Rebecca Fries - F\u00f2s Feminista\" \/>\n<meta property=\"og:url\" content=\"https:\/\/fosfeminista.org\/pt\/people\/rebecca-fries\/\" \/>\n<meta property=\"og:site_name\" content=\"F\u00f2s Feminista\" \/>\n<meta property=\"og:image\" content=\"https:\/\/fosfeminista.org\/wp-content\/uploads\/2026\/02\/Rebecca-Fries.png\" \/>\n\t<meta property=\"og:image:width\" content=\"540\" \/>\n\t<meta property=\"og:image:height\" content=\"540\" \/>\n\t<meta property=\"og:image:type\" content=\"image\/png\" \/>\n<meta name=\"twitter:card\" content=\"summary_large_image\" \/>\n<script type=\"application\/ld+json\" class=\"yoast-schema-graph\">{\"@context\":\"https:\\\/\\\/schema.org\",\"@graph\":[{\"@type\":\"WebPage\",\"@id\":\"https:\\\/\\\/fosfeminista.org\\\/people\\\/rebecca-fries\\\/\",\"url\":\"https:\\\/\\\/fosfeminista.org\\\/people\\\/rebecca-fries\\\/\",\"name\":\"Rebecca Fries - F\u00f2s Feminista\",\"isPartOf\":{\"@id\":\"https:\\\/\\\/fosfeminista.org\\\/#website\"},\"primaryImageOfPage\":{\"@id\":\"https:\\\/\\\/fosfeminista.org\\\/people\\\/rebecca-fries\\\/#primaryimage\"},\"image\":{\"@id\":\"https:\\\/\\\/fosfeminista.org\\\/people\\\/rebecca-fries\\\/#primaryimage\"},\"thumbnailUrl\":\"https:\\\/\\\/fosfeminista.org\\\/wp-content\\\/uploads\\\/2026\\\/02\\\/Rebecca-Fries.png\",\"datePublished\":\"2026-02-26T17:17:39+00:00\",\"breadcrumb\":{\"@id\":\"https:\\\/\\\/fosfeminista.org\\\/people\\\/rebecca-fries\\\/#breadcrumb\"},\"inLanguage\":\"pt-BR\",\"potentialAction\":[{\"@type\":\"ReadAction\",\"target\":[\"https:\\\/\\\/fosfeminista.org\\\/people\\\/rebecca-fries\\\/\"]}]},{\"@type\":\"ImageObject\",\"inLanguage\":\"pt-BR\",\"@id\":\"https:\\\/\\\/fosfeminista.org\\\/people\\\/rebecca-fries\\\/#primaryimage\",\"url\":\"https:\\\/\\\/fosfeminista.org\\\/wp-content\\\/uploads\\\/2026\\\/02\\\/Rebecca-Fries.png\",\"contentUrl\":\"https:\\\/\\\/fosfeminista.org\\\/wp-content\\\/uploads\\\/2026\\\/02\\\/Rebecca-Fries.png\",\"width\":540,\"height\":540},{\"@type\":\"BreadcrumbList\",\"@id\":\"https:\\\/\\\/fosfeminista.org\\\/people\\\/rebecca-fries\\\/#breadcrumb\",\"itemListElement\":[{\"@type\":\"ListItem\",\"position\":1,\"name\":\"Home\",\"item\":\"https:\\\/\\\/fosfeminista.org\\\/\"},{\"@type\":\"ListItem\",\"position\":2,\"name\":\"Rebecca Fries\"}]},{\"@type\":\"WebSite\",\"@id\":\"https:\\\/\\\/fosfeminista.org\\\/#website\",\"url\":\"https:\\\/\\\/fosfeminista.org\\\/\",\"name\":\"F\u00f2s Feminista\",\"description\":\"\",\"potentialAction\":[{\"@type\":\"SearchAction\",\"target\":{\"@type\":\"EntryPoint\",\"urlTemplate\":\"https:\\\/\\\/fosfeminista.org\\\/?s={search_term_string}\"},\"query-input\":{\"@type\":\"PropertyValueSpecification\",\"valueRequired\":true,\"valueName\":\"search_term_string\"}}],\"inLanguage\":\"pt-BR\"}]}<\/script>\n<!-- \/ Yoast SEO plugin. -->","yoast_head_json":{"title":"Rebecca Fries - F\u00f2s Feminista","robots":{"index":"index","follow":"follow","max-snippet":"max-snippet:-1","max-image-preview":"max-image-preview:large","max-video-preview":"max-video-preview:-1"},"canonical":"https:\/\/fosfeminista.org\/pt\/people\/rebecca-fries\/","og_locale":"pt_BR","og_type":"article","og_title":"Rebecca Fries - F\u00f2s Feminista","og_url":"https:\/\/fosfeminista.org\/pt\/people\/rebecca-fries\/","og_site_name":"F\u00f2s Feminista","og_image":[{"width":540,"height":540,"url":"https:\/\/fosfeminista.org\/wp-content\/uploads\/2026\/02\/Rebecca-Fries.png","type":"image\/png"}],"twitter_card":"summary_large_image","schema":{"@context":"https:\/\/schema.org","@graph":[{"@type":"WebPage","@id":"https:\/\/fosfeminista.org\/people\/rebecca-fries\/","url":"https:\/\/fosfeminista.org\/people\/rebecca-fries\/","name":"Rebecca Fries - F\u00f2s Feminista","isPartOf":{"@id":"https:\/\/fosfeminista.org\/#website"},"primaryImageOfPage":{"@id":"https:\/\/fosfeminista.org\/people\/rebecca-fries\/#primaryimage"},"image":{"@id":"https:\/\/fosfeminista.org\/people\/rebecca-fries\/#primaryimage"},"thumbnailUrl":"https:\/\/fosfeminista.org\/wp-content\/uploads\/2026\/02\/Rebecca-Fries.png","datePublished":"2026-02-26T17:17:39+00:00","breadcrumb":{"@id":"https:\/\/fosfeminista.org\/people\/rebecca-fries\/#breadcrumb"},"inLanguage":"pt-BR","potentialAction":[{"@type":"ReadAction","target":["https:\/\/fosfeminista.org\/people\/rebecca-fries\/"]}]},{"@type":"ImageObject","inLanguage":"pt-BR","@id":"https:\/\/fosfeminista.org\/people\/rebecca-fries\/#primaryimage","url":"https:\/\/fosfeminista.org\/wp-content\/uploads\/2026\/02\/Rebecca-Fries.png","contentUrl":"https:\/\/fosfeminista.org\/wp-content\/uploads\/2026\/02\/Rebecca-Fries.png","width":540,"height":540},{"@type":"BreadcrumbList","@id":"https:\/\/fosfeminista.org\/people\/rebecca-fries\/#breadcrumb","itemListElement":[{"@type":"ListItem","position":1,"name":"Home","item":"https:\/\/fosfeminista.org\/"},{"@type":"ListItem","position":2,"name":"Rebecca Fries"}]},{"@type":"WebSite","@id":"https:\/\/fosfeminista.org\/#website","url":"https:\/\/fosfeminista.org\/","name":"F\u00f2s Feminista","description":"","potentialAction":[{"@type":"SearchAction","target":{"@type":"EntryPoint","urlTemplate":"https:\/\/fosfeminista.org\/?s={search_term_string}"},"query-input":{"@type":"PropertyValueSpecification","valueRequired":true,"valueName":"search_term_string"}}],"inLanguage":"pt-BR"}]}},"_links":{"self":[{"href":"https:\/\/fosfeminista.org\/pt\/wp-json\/wp\/v2\/person\/6291","targetHints":{"allow":["GET"]}}],"collection":[{"href":"https:\/\/fosfeminista.org\/pt\/wp-json\/wp\/v2\/person"}],"about":[{"href":"https:\/\/fosfeminista.org\/pt\/wp-json\/wp\/v2\/types\/person"}],"version-history":[{"count":3,"href":"https:\/\/fosfeminista.org\/pt\/wp-json\/wp\/v2\/person\/6291\/revisions"}],"predecessor-version":[{"id":6310,"href":"https:\/\/fosfeminista.org\/pt\/wp-json\/wp\/v2\/person\/6291\/revisions\/6310"}],"wp:featuredmedia":[{"embeddable":true,"href":"https:\/\/fosfeminista.org\/pt\/wp-json\/wp\/v2\/media\/6308"}],"wp:attachment":[{"href":"https:\/\/fosfeminista.org\/pt\/wp-json\/wp\/v2\/media?parent=6291"}],"curies":[{"name":"wp","href":"https:\/\/api.w.org\/{rel}","templated":true}]}}

<p data-ccp-border-bottom="0px none #e5e7eb" data-ccp-padding-bottom="0px" data-ccp-border-between="0px none #e5e7eb" data-ccp-padding-between="0px"><span data-contrast="auto">Como CEO e cofundadora da Value for Women, Rebecca liderou o crescimento da organização, transformando-a em uma líder mundialmente reconhecida na prática de negócios com inclusão de gênero. Com mais de 20 anos de experiência global, Rebecca lidera a Value for Women em seus esforços para criar produtos e métodos inovadores de inclusão de gênero, trabalhando lado a lado com investidores, pequenas e médias empresas, bancos, instituições financeiras, organizações de desenvolvimento e fundações corporativas.</span><span data-ccp-props="{&quot;335551550&quot;:6,&quot;335551620&quot;:6,&quot;335557856&quot;:16777215,&quot;335559739&quot;:240,&quot;335572071&quot;:0,&quot;335572072&quot;:0,&quot;335572073&quot;:15460325,&quot;335572075&quot;:0,&quot;335572076&quot;:0,&quot;335572077&quot;:15460325,&quot;335572079&quot;:0,&quot;335572080&quot;:0,&quot;335572081&quot;:15460325,&quot;335572083&quot;:0,&quot;335572084&quot;:0,&quot;335572085&quot;:15460325,&quot;335572087&quot;:0,&quot;335572088&quot;:0,&quot;335572089&quot;:15460325,&quot;469789798&quot;:&quot;none&quot;,&quot;469789802&quot;:&quot;none&quot;,&quot;469789806&quot;:&quot;none&quot;,&quot;469789810&quot;:&quot;none&quot;,&quot;469789814&quot;:&quot;none&quot;}"> </span></p>
<p data-ccp-border-bottom="0px none #e5e7eb" data-ccp-padding-bottom="0px" data-ccp-border-between="0px none #e5e7eb" data-ccp-padding-between="0px"><span data-contrast="auto">Anteriormente, como consultora de gênero e gerente de programas da Oxfam Grã-Bretanha, Rebeca liderou programas que promoviam os direitos das mulheres e a liderança econômica em toda a América Latina, incluindo a coautoria da Estrutura de Liderança Econômica das Mulheres da Oxfam e a realização de pesquisas sobre justiça de gênero e prevenção da violência. Ela também tem grande experiência em trabalhar diretamente com abrigos para mulheres, coletivos de defesa e organizações de direitos reprodutivos no Canadá.</span><span data-ccp-props="{&quot;335551550&quot;:6,&quot;335551620&quot;:6,&quot;335557856&quot;:16777215,&quot;335559739&quot;:240,&quot;335572071&quot;:0,&quot;335572072&quot;:0,&quot;335572073&quot;:15460325,&quot;335572075&quot;:0,&quot;335572076&quot;:0,&quot;335572077&quot;:15460325,&quot;335572079&quot;:0,&quot;335572080&quot;:0,&quot;335572081&quot;:15460325,&quot;335572083&quot;:0,&quot;335572084&quot;:0,&quot;335572085&quot;:15460325,&quot;335572087&quot;:0,&quot;335572088&quot;:0,&quot;335572089&quot;:15460325,&quot;469789798&quot;:&quot;none&quot;,&quot;469789802&quot;:&quot;none&quot;,&quot;469789806&quot;:&quot;none&quot;,&quot;469789810&quot;:&quot;none&quot;,&quot;469789814&quot;:&quot;none&quot;}"> </span></p>
<p data-ccp-border-bottom="0px none #e5e7eb" data-ccp-padding-bottom="0px" data-ccp-border-between="0px none #e5e7eb" data-ccp-padding-between="0px"><span data-contrast="auto">Rebecca também é autora e líder de pesquisas que mudaram o setor sobre a interseção de gênero, investimento, empreendedorismo e desenvolvimento econômico em setores como energia sustentável, finanças, agricultura e empreendedorismo. Rebecca é frequentemente convidada a falar como especialista do setor na Ásia, na África e nas Américas.</span><span data-ccp-props="{&quot;335551550&quot;:6,&quot;335551620&quot;:6,&quot;335557856&quot;:16777215,&quot;335559739&quot;:240,&quot;335572071&quot;:0,&quot;335572072&quot;:0,&quot;335572073&quot;:15460325,&quot;335572075&quot;:0,&quot;335572076&quot;:0,&quot;335572077&quot;:15460325,&quot;335572079&quot;:0,&quot;335572080&quot;:0,&quot;335572081&quot;:15460325,&quot;335572083&quot;:0,&quot;335572084&quot;:0,&quot;335572085&quot;:15460325,&quot;335572087&quot;:0,&quot;335572088&quot;:0,&quot;335572089&quot;:15460325,&quot;469789798&quot;:&quot;none&quot;,&quot;469789802&quot;:&quot;none&quot;,&quot;469789806&quot;:&quot;none&quot;,&quot;469789810&quot;:&quot;none&quot;,&quot;469789814&quot;:&quot;none&quot;}"> </span></p>
<p data-ccp-border-bottom="0px none #e5e7eb" data-ccp-padding-bottom="0px" data-ccp-border-between="0px none #e5e7eb" data-ccp-padding-between="0px"><span data-contrast="auto">Rebecca tem colaborado com o Fòs Feminista como membro do comitê de Mobilização de Recursos (2020-2025) e do comitê de Finanças e Investimentos, incluindo o subcomitê do Fundo de Impacto Feminista (desde 2023). Ela foi eleita para o Conselho de Administração do Fòs Feminista em dezembro de 2025 e nomeada copresidente do Comitê de Auditoria e Inteligência de Risco.</span><span data-ccp-props="{&quot;335557856&quot;:16777215,&quot;335572071&quot;:0,&quot;335572072&quot;:0,&quot;335572073&quot;:15460325,&quot;335572075&quot;:0,&quot;335572076&quot;:0,&quot;335572077&quot;:15460325,&quot;335572079&quot;:0,&quot;335572080&quot;:0,&quot;335572081&quot;:15460325,&quot;335572083&quot;:0,&quot;335572084&quot;:0,&quot;335572085&quot;:15460325,&quot;335572087&quot;:0,&quot;335572088&quot;:0,&quot;335572089&quot;:15460325,&quot;469789798&quot;:&quot;none&quot;,&quot;469789802&quot;:&quot;none&quot;,&quot;469789806&quot;:&quot;none&quot;,&quot;469789810&quot;:&quot;none&quot;,&quot;469789814&quot;:&quot;none&quot;}"> </span></p>

<!-- This site is optimized with the Yoast SEO plugin v27.3 - https://yoast.com/product/yoast-seo-wordpress/ -->
<title>Rebecca Fries - Fòs Feminista</title>
<meta name="robots" content="index, follow, max-snippet:-1, max-image-preview:large, max-video-preview:-1" />
<link rel="canonical" href="https://fosfeminista.org/pt/people/rebecca-fries/" />
<meta property="og:locale" content="pt_BR" />
<meta property="og:type" content="article" />
<meta property="og:title" content="Rebecca Fries - Fòs Feminista" />
<meta property="og:url" content="https://fosfeminista.org/pt/people/rebecca-fries/" />
<meta property="og:site_name" content="Fòs Feminista" />
<meta property="og:image" content="https://fosfeminista.org/wp-content/uploads/2026/02/Rebecca-Fries.png" />
	<meta property="og:image:width" content="540" />
	<meta property="og:image:height" content="540" />
	<meta property="og:image:type" content="image/png" />
<meta name="twitter:card" content="summary_large_image" />
<script type="application/ld+json" class="yoast-schema-graph">{"@context":"https:\/\/schema.org","@graph":[{"@type":"WebPage","@id":"https:\/\/fosfeminista.org\/people\/rebecca-fries\/","url":"https:\/\/fosfeminista.org\/people\/rebecca-fries\/","name":"Rebecca Fries - Fòs Feminista","isPartOf":{"@id":"https:\/\/fosfeminista.org\/#website"},"primaryImageOfPage":{"@id":"https:\/\/fosfeminista.org\/people\/rebecca-fries\/#primaryimage"},"image":{"@id":"https:\/\/fosfeminista.org\/people\/rebecca-fries\/#primaryimage"},"thumbnailUrl":"https:\/\/fosfeminista.org\/wp-content\/uploads\/2026\/02\/Rebecca-Fries.png","datePublished":"2026-02-26T17:17:39+00:00","breadcrumb":{"@id":"https:\/\/fosfeminista.org\/people\/rebecca-fries\/#breadcrumb"},"inLanguage":"pt-BR","potentialAction":[{"@type":"ReadAction","target":["https:\/\/fosfeminista.org\/people\/rebecca-fries\/"]}]},{"@type":"ImageObject","inLanguage":"pt-BR","@id":"https:\/\/fosfeminista.org\/people\/rebecca-fries\/#primaryimage","url":"https:\/\/fosfeminista.org\/wp-content\/uploads\/2026\/02\/Rebecca-Fries.png","contentUrl":"https:\/\/fosfeminista.org\/wp-content\/uploads\/2026\/02\/Rebecca-Fries.png","width":540,"height":540},{"@type":"BreadcrumbList","@id":"https:\/\/fosfeminista.org\/people\/rebecca-fries\/#breadcrumb","itemListElement":[{"@type":"ListItem","position":1,"name":"Home","item":"https:\/\/fosfeminista.org\/"},{"@type":"ListItem","position":2,"name":"Rebecca Fries"}]},{"@type":"WebSite","@id":"https:\/\/fosfeminista.org\/#website","url":"https:\/\/fosfeminista.org\/","name":"Fòs Feminista","description":"","potentialAction":[{"@type":"SearchAction","target":{"@type":"EntryPoint","urlTemplate":"https:\/\/fosfeminista.org\/?s={search_term_string}"},"query-input":{"@type":"PropertyValueSpecification","valueRequired":true,"valueName":"search_term_string"}}],"inLanguage":"pt-BR"}]}</script>
<!-- / Yoast SEO plugin. -->

Rebecca Fries - Fòs Feminista

Fòs Feminista
